t the prime factors of 14637.
3, 7, 17, 41
List the prime factors of 276.
2, 3, 23
What are the prime factors of 3502?
2, 17, 103
List the prime factors of 42953.
42953
List the prime factors of 5227.
5227
List the prime factors of 961.
31
List the prime factors of 1352.
2, 13
List the prime factors of 155214.
2, 3, 8623
What are the prime factors of 870?
2, 3, 5, 29
What are the prime factors of 43772?
2, 31, 353
List the prime factors of 10555.
5, 2111
List the prime factors of 17443.
17443
List the prime factors of 2468.
2, 617
What are the prime factors of 693?
3, 7, 11
What are the prime factors of 27871?
47, 593
What are the prime factors of 58365?
3, 5, 1297
What are the prime factors of 63045?
3, 5, 467
What are the prime factors of 103456?
2, 53, 61
List the prime factors of 5265.
3, 5, 13
What are the prime factors of 32320?
2, 5, 101
List the prime factors of 2708.
2, 677
What are the prime factors of 96266?
2, 127, 379
What are the prime factors of 49993?
49993
List the prime factors of 1822.
2, 911
List the prime factors of 3209.
3209
What are the prime factors of 3583?
3583
List the prime factors of 17799.
3, 17, 349
List the prime factors of 1531.
1531
List the prime factors of 4570.
2, 5, 457
What are the prime factors of 534?
2, 3, 89
What are the prime factors of 43729?
7, 6247
List the prime factors of 5067.
3, 563
What are the prime factors of 21879?
3, 11, 13, 17
What are the prime factors of 9551?
9551
What are the prime factors of 6471?
3, 719
List the prime factors of 1566.
2, 3, 29
List the prime factors of 13224.
2, 3, 19, 29
List the prime factors of 21126.
2, 3, 7, 503
List the prime factors of 8064.
2, 3, 7
What are the prime factors of 3454?
2, 11, 157
What are the prime factors of 66251?
97, 683
List the prime factors of 57165.
3, 5, 37, 103
List the prime factors of 2884.
2, 7, 103
What are the prime factors of 176093?
293, 601
What are the prime factors of 26099?
26099
What are the prime factors of 3061?
3061
List the prime factors of 116453.
101, 1153
What are the prime factors of 16747?
16747
What are the prime factors of 733?
733
What are the prime factors of 2952?
2, 3, 41
What are the prime factors of 8066?
2, 37, 109
What are the prime factors of 34809?
3, 41, 283
List the prime factors of 1913.
1913
What are the prime factors of 1379?
7, 197
List the prime factors of 119142.
2, 3, 6619
What are the prime factors of 60867?
3, 6763
List the prime factors of 1357.
23, 59
List the prime factors of 42806.
2, 17, 1259
What are the prime factors of 167321?
7, 11, 41, 53
What are the prime factors of 462?
2, 3, 7, 11
List the prime factors of 62119.
62119
List the prime factors of 42074.
2, 109, 193
What are the prime factors of 57692?
2, 14423
List the prime factors of 79.
79
What are the prime factors of 40044?
2, 3, 47, 71
What are the prime factors of 739?
739
List the prime factors of 19457.
19457
What are the prime factors of 5732?
2, 1433
List the prime factors of 1265.
5, 11, 23
List the prime factors of 1468.
2, 367
What are the prime factors of 9332?
2, 2333
What are the prime factors of 59498?
2, 71, 419
List the prime factors of 1597.
1597
What are the prime factors of 142?
2, 71
List the prime factors of 2827.
11, 257
List the prime factors of 1109.
1109
What are the prime factors of 3388?
2, 7, 11
What are the prime factors of 4971?
3, 1657
List the prime factors of 987.
3, 7, 47
List the prime factors of 9899.
19, 521
List the prime factors of 21265.
5, 4253
List the prime factors of 2844.
2, 3, 79
What are the prime factors of 4054?
2, 2027
What are the prime factors of 24919?
24919
List the prime factors of 28474.
2, 23, 619
What are the prime factors of 3280?
2, 5, 41
List the prime factors of 41.
41
List the prime factors of 1653.
3, 19, 29
What are the prime factors of 1717?
17, 101
What are the prime factors of 50852?
2, 12713
What are the prime factors of 68929?
7, 43, 229
List the prime factors of 4911.
3, 1637
What are the prime factors of 2578?
2, 1289
What are the prime factors of 19791?
3, 733
What are the prime factors of 14311?
11, 1301
What are the prime factors of 17628?
2, 3, 13, 113
List the prime factors of 11292.
2, 3, 941
What are the prime factors of 13851?
3, 19
What are the prime factors of 83?
83
List the prime factors of 109002.
2, 3, 37, 491
What are the prime factors of 1963?
13, 151
What are the prime factors of 84429?
3, 53, 59
What are the prime factors of 21?
3, 7
What are the prime factors of 1391?
13, 107
What are the prime factors of 1789?
1789
What are the prime factors of 28482?
2, 3, 47, 101
List the prime factors of 24541.
11, 23, 97
What are the prime factors of 726?
2, 3, 11
List the prime factors of 17277.
3, 13, 443
What are the prime factors of 11043?
3, 409
What are the prime factors of 99211?
7, 14173
What are the prime factors of 9842?
2, 7, 19, 37
List the prime factors of 5087.
5087
What are the prime factors of 10813?
11, 983
List the prime factors of 15322.
2, 47, 163
What are the prime factors of 5884?
2, 1471
What are the prime factors of 9361?
11, 23, 37
What are the prime factors of 2753?
2753
What are the prime factors of 30252?
2, 3, 2521
List the prime factors of 232.
2, 29
What are the prime factors of 77795?
5, 15559
What are the prime factors of 9146?
2, 17, 269
List the prime factors of 6705.
3, 5, 149
What are the prime factors of 12191?
73, 167
List the prime factors of 24924.
2, 3, 31, 67
List the prime factors of 851.
23, 37
What are the prime factors of 14166?
2, 3, 787
What are the prime factors of 28630?
2, 5, 7, 409
List the prime factors of 2868.
2, 3, 239
List the prime factors of 3447.
3, 383
List the prime factors of 526.
2, 263
List the prime factors of 2876.
2, 719
What are the prime factors of 2017?
2017
List the prime factors of 64959.
3, 59, 367
List the prime factors of 190.
2, 5, 19
List the prime factors of 58323.
3, 19441
List the prime factors of 11593.
11593
List the prime factors of 128147.
128147
What are the prime factors of 17988?
2, 3, 1499
List the prime factors of 1603.
7, 229
What are the prime factors of 16279?
73, 223
List the prime factors of 9843.
3, 17, 193
List the prime factors of 2283.
3, 761
List the prime factors of 3836.
2, 7, 137
What are the prime factors of 2990?
2, 5, 13, 23
What are the prime factors of 22088?
2, 11, 251
List the prime factors of 2315.
5, 463
List the prime factors of 2029.
2029
What are the prime factors of 4513?
4513
List the prime factors of 131904.
2, 3, 229
List the prime factors of 57047.
57047
List the prime factors of 18280.
2, 5, 457
What are the prime factors of 11634?
2, 3, 7, 277
List the prime factors of 503.
503
List the prime factors of 1279.
1279
What are the prime factors of 20320?
2, 5, 127
What are the prime factors of 37936?
2, 2371
List the prime factors of 17585.
5, 3517
List the prime factors of 19966.
2, 67, 149
List the prime factors of 6528.
2, 3, 17
List the prime factors of 10410.
2, 3, 5, 347
What are the prime factors of 1863?
3, 23
List the prime factors of 29803.
29803
List the prime factors of 3870.
2, 3, 5, 43
What are the prime factors of 64?
2
List the prime factors of 1560.
2, 3, 5, 13
What are the prime factors of 20900?
2, 5, 11, 19
List the prime factors of 16323.
3, 5441
What are the prime factors of 131334?
2, 3, 7, 53, 59
What are the prime factors of 2287?
2287
List the prime factors of 17462.
2, 8731
What are the prime factors of 5326?
2, 2663
What are the prime factors of 311?
311
What are the prime factors of 2395?
5, 479
List the prime factors of 18446.
2, 23, 401
What are the prime factors of 77?
7, 11
List the prime factors of 6658.
2, 3329
What are the prime factors of 1480?
2, 5, 37
List the prime factors of 9297.
3, 1033
List the prime factors of 6905.
5, 1381
List the prime factors of 43416.
2, 3, 67
List the prime factors of 38204.
2, 9551
List the prime factors of 1847.
1847
List the prime factors of 4325.
5, 173
What are the prime factors of 8491?
7, 1213
What are the prime factors of 570?
2, 3, 5, 19
What are the prime factors of 148?
2, 37
List the prime factors of 1039.
1039
List the prime factors of 15628.
2, 3907
List the prime factors of 13558.
2, 6779
List the prime factors of 1186.
2, 593
What are the pri